 composite?
True
Is 221833 prime?
False
Is 83969 prime?
True
Is 1304833 a prime number?
True
Is 39651 prime?
False
Is 12889 composite?
False
Is 79405 prime?
False
Is 33557 a prime number?
False
Is 364171 a prime number?
True
Is 808343 a composite number?
False
Is 9527 a composite number?
True
Is 49853 composite?
False
Is 280201 a prime number?
False
Is 13327 a prime number?
True
Is 6155 a prime number?
False
Is 310141 a composite number?
True
Is 85641 a composite number?
True
Is 317 a prime number?
True
Is 7261 a prime number?
False
Is 4757 composite?
True
Is 129377 a composite number?
True
Is 720653 composite?
False
Is 5155 composite?
True
Is 34027 a prime number?
False
Is 2072279 a prime number?
False
Is 401651 a prime number?
True
Is 3261191 prime?
True
Is 12149 prime?
True
Is 5431 composite?
False
Is 134791 a prime number?
False
Is 8539255 prime?
False
Is 4579 composite?
True
Is 271369 a prime number?
False
Is 1701967 composite?
False
Is 95177 a composite number?
False
Is 135571 a prime number?
True
Is 298397 composite?
True
Is 100151 a composite number?
False
Is 482179 composite?
False
Is 2634837 composite?
True
Is 5255 a prime number?
False
Is 52361 composite?
False
Is 73879 a prime number?
False
Is 5581 prime?
True
Is 586159 prime?
False
Is 485191 composite?
True
Is 94709 prime?
True
Is 185179 a composite number?
True
Is 32531 a composite number?
False
Is 45481 prime?
True
Is 11549 a composite number?
False
Is 8551 a prime number?
False
Is 31733 prime?
False
Is 615661 a prime number?
True
Is 239234 a composite number?
True
Is 52999 composite?
False
Is 233561 composite?
True
Is 854026 prime?
False
Is 1258207 composite?
False
Is 98533 composite?
False
Is 104287 composite?
False
Is 2911 prime?
False
Is 371927 a prime number?
True
Is 23459 prime?
True
Is 112901 a composite number?
False
Is 653245 a composite number?
True
Is 87254 composite?
True
Is 14263 composite?
True
Is 12014 a prime number?
False
Is 52021 a composite number?
False
Is 8028451 composite?
True
Is 459209 a prime number?
True
Is 43373 a prime number?
False
Is 3109 a prime number?
True
Is 14109 a prime number?
False
Is 10937 a prime number?
True
Is 10511 a composite number?
True
Is 234665 prime?
False
Is 594791 a prime number?
False
Is 38697 prime?
False
Is 329609 a prime number?
False
Is 1931 composite?
False
Is 8997 prime?
False
Is 4177 a prime number?
True
Is 175405 composite?
True
Is 672479 a composite number?
True
Is 6931 prime?
False
Is 2341267 a prime number?
False
Is 2463 a composite number?
True
Is 240077 prime?
False
Is 46199 composite?
False
Is 556459 prime?
True
Is 67897 prime?
False
Is 304631 prime?
True
Is 777037 composite?
True
Is 66499 composite?
False
Is 5287 composite?
True
Is 151091 a composite number?
False
Is 40323 a composite number?
True
Is 3089821 prime?
False
Is 1931 a composite number?
False
Is 424885 a composite number?
True
Is 156019 composite?
False
Is 124951 a prime number?
True
Is 25427 a composite number?
True
Is 86393 composite?
True
Is 1911787 a prime number?
True
Is 32239 composite?
True
Is 12847 a composite number?
True
Is 1090003 composite?
False
Is 118183 a composite number?
True
Is 668953 composite?
True
Is 896531 a composite number?
False
Is 716063 a composite number?
False
Is 319351 prime?
True
Is 3991 prime?
False
Is 374546 a composite number?
True
Is 1901 composite?
False
Is 1474097 a prime number?
True
Is 700703 prime?
True
Is 827627 composite?
True
Is 261787 a prime number?
True
Is 451873 a prime number?
True
Is 264463 a prime number?
True
Is 64763 composite?
False
Is 6353 a prime number?
True
Is 3991 composite?
True
Is 8269 prime?
True
Is 11863 a composite number?
False
Is 23101 a composite number?
True
Is 124387 prime?
False
Is 8402 prime?
False
Is 16649 prime?
True
Is 31957 prime?
True
Is 306209 a prime number?
True
Is 186443 composite?
True
Is 993841 composite?
False
Is 31601 prime?
True
Is 257995 prime?
False
Is 32537 a composite number?
False
Is 580979 a prime number?
False
Is 72217 a composite number?
True
Is 2863 a composite number?
True
Is 1563869 a composite number?
True
Is 67435 prime?
False
Is 21445 composite?
True
Is 17039 a composite number?
True
Is 8923 prime?
True
Is 133183 a composite number?
False
Is 235327 composite?
True
Is 352511 a composite number?
False
Is 163729 a prime number?
True
Is 160859 prime?
False
Is 182227 composite?
True
Is 734113 a prime number?
True
Is 63977 a composite number?
False
Is 169 composite?
True
Is 21971 a composite number?
True
Is 1221826 a prime number?
False
Is 901055 prime?
False
Is 781757 prime?
False
Is 110771 composite?
False
Is 49186 composite?
True
Is 8219 a composite number?
False
Is 5413 composite?
False
Is 138041 prime?
True
Is 474977 a prime number?
True
Is 544417 a composite number?
True
Is 34147 a prime number?
True
Is 6609 composite?
True
Is 9509 a composite number?
True
Is 493237 a prime number?
False
Is 51631 prime?
True
Is 471241 composite?
False
Is 19937 composite?
False
Is 137559 a composite number?
True
Is 97759 a composite number?
True
Is 50081 a composite number?
True
Is 8053 a composite number?
False
Is 285721 prime?
True
Is 111 a prime number?
False
Is 18607 a composite number?
True
Is 959 a composite number?
True
Is 26762 composite?
True
Is 1026119 prime?
True
Is 88771 a prime number?
True
Is 35681 composite?
True
Is 25391 composite?
False
Is 13235 composite?
True
Is 25079 a composite number?
True
Is 2933 composite?
True
Is 146743 a composite number?
False
Is 107563 a composite number?
False
Is 10289 composite?
False
Is 1286921 prime?
False
Is 115585 composite?
True
Is 22579 a prime number?
False
Is 429329 composite?
False
Is 83021 a composite number?
True
Is 979 composite?
True
Is 189803 a composite number?
True
Is 8419 prime?
True
Is 869203 composite?
False
Is 41879 prime?
True
Is 1385743 a composite number?
False
Is 225065 composite?
True
Is 27137 a composite number?
True
Is 6823 prime?
True
Is 68279 composite?
False
Is 34043 composite?
True
Is 85585 prime?
False
Is 187303 prime?
True
Is 22241 a composite number?
True
Is 10873 prime?
False
Is 28741 a composite number?
True
Is 120157 prime?
True
Is 4703 prime?
True
Is 114557 composite?
True
Is 1693 prime?
True
Is 8129 a prime number?
False
Is 2579 prime?
True
Is 143947 a prime number?
True
Is 20597 composite?
True
Is 88589 a prime number?
True
Is 10751 a prime number?
False
Is 55007 a composite number?
True
Is 2042849 a prime number?
True
Is 55741 composite?
True
Is 169343 a prime number?
True
Is 27619 prime?
False
Is 68833 a composite number?
True
Is 23663 composite?
False
Is 3918983 a prime number?
True
Is 1223335 a composite number?
True
Is 1203 a composite number?
True
Is 1108531 a prime number?
False
Is 475883 a composite number?
True
Is 34939 prime?
True
Is 6469 composite?
False
Is 4703 prime?
True
Is 235439 composite?
False
Is 30757 prime?
True
Is 7219 prime?
True
Is 29459 a composite number?
True
Is 9287 prime?
False
Is 15781 composite?
True
Is 1843 prime?
False
Is 3446 a composite number?
True
Is 7509 a composite number?
True
Is 4279751 prime?
False
Is 17378 composite?
True
Is 139465 prime?
False
Is 11549 composite?
False
Is 12781 a composite number?
False
Is 32183 a prime number?
True
Is 979 a composite number?
True
Is 310501 composite?
False
Is 43573 prime?
True
Is 1184867 a prime number?
True
Is 129203 a prime number?
False
Is 561911 prime?
False
Is 9923 composite?
False
Is 11705 prime?
False
Is 1163 prime?
True
Is 61121 a composite number?
False
Is 14243 composite?
False
Is 16273 a prime number?
True
Is 62209 a prime number?
False
Is 26579 a composite number?
True
Is 7681 composite?
False
Is 7534649 prime?
True
Is 742757 a composite number?
False
Is 2671 composite?
False
Is 74771 prime?
True
Is 46049 a prime number?
True
Is 35209 a composite number?
True
Is 1328738 composite?
True
Is 26291 composite?
True
Is 2953 composite?
False
Is 74915 prime?
False
Is 137567 a composite number?
False
Is 47599 a composite number?
False
Is 19739 a composite number?
False
Is 9257 prime?
True
Is 318959 a prime number?
False
Is 253003 composite?
False
Is 206123 a prime number?
True
Is 647 a prime number?
True
Is 110785 composite?
True
Is 150959 composite?
False
Is 1133 composite?
True
Is 52361 a composite nu